 14 = -2*i. Let h(t) = -t - 1. Let x(l) = -31*l - 12. Let g(z) = 5*h(z) - x(z). Is g(i) a composite number?
False
Let o be (-2)/(-5) + (-1881)/15. Let h = o + 184. Is h a composite number?
False
Let y = -402 + 849. Is y a prime number?
False
Suppose 389 + 179 = 2*u. Suppose -o + 5*p + u = 0, 3*o + 2*p + 0*p - 903 = 0. Is o composite?
True
Let t = 217 - -978. Is t a prime number?
False
Suppose 0 = 4*d - d - 2031. Suppose -4*g - l + d = -2*l, -4*g = 3*l - 673. Is g composite?
True
Suppose -1 = -2*i - 5. Let p be (22/6 + i)*-3. Let l(f) = -f**3 - 4*f**2 - 6*f - 6. Is l(p) a prime number?
False
Let o = 0 - 0. Suppose o = -l - 4*l + 60. Let r = 27 - l. Is r composite?
True
Let p be (0 + 1)/(1/73). Suppose -2*z = -5*v - 0*v + 10, 3*z - v - 11 = 0. Suppose 2*b = z*w - p, 15 = -4*b - 1. Is w prime?
True
Let t(r) = -2*r - 6. Let w(v) = -2*v - 7. Let d(x) = 6*t(x) - 5*w(x). Let a be d(-10). Suppose 0 = 2*q - 43 - a. Is q prime?
True
Let g be (-1 + 0)*(-3 + 1). Suppose -4*i + 674 - g = -4*a, -4*i + 675 = -5*a. Suppose 6*u - 9*u + i = 0. Is u a prime number?
False
Let i(h) = h**3 - 8*h**2 + 11*h. Let y be i(9). Let w be (28/(-6))/((-12)/90). Let t = y - w. Is t a prime number?
False
Let h(j) = 15*j + 5. Let x(u) = -16*u - 6. Let s(k) = 5*h(k) + 4*x(k). Suppose 5*f = 36 - 6. Is s(f) a prime number?
True
Let t(r) = -r**3 + 17*r**2 + 38*r - 14. Is t(18) composite?
True
Suppose 5*n + 0*n - 735 = 0. Let m = n - 98. Is m composite?
True
Let s be (-7438)/8 + 8/(-32). Is (1/(-3))/(10/s) a prime number?
True
Let l(i) = 4*i + 1. Let z(r) = 2*r - 5. Let b be z(4). Let k be (b + -5)*9/(-2). Is l(k) a composite number?
False
Let c(r) = -108*r - 1. Let t be c(-4). Let f = -228 + t. Is f a composite number?
True
Suppose 1 - 5 = -4*s, -3*s + 11 = 2*p. Suppose -3 = l - p*l. Suppose -4*u = -l - 39. Is u a composite number?
True
Suppose 4*n = 3*q - 18, 12 = 3*q - q - 5*n. Suppose -q = -u + 1. Let w = u + 16. Is w a prime number?
True
Let y be (-1)/(-3)*0 + 2. Let r be (y/6)/((-2)/(-18)). Suppose 3*d - 2*i = 37, r*d - i - 46 = -d. Is d a composite number?
False
Let l be (-1*1)/(3/(-6)). Let j = 4 - l. Is (j + -1)*83 - 1 prime?
False
Let t = 2 + 0. Suppose -t = -2*q - 0. Is -1 + 8/(2/q) composite?
False
Let x(u) = 3*u - 7. Let p(c) = -c + 1. Let h = -1 - -3. Let l(g) = h*p(g) + x(g). Is l(9) a prime number?
False
Let w(f) = 94*f + 1. Let m be w(6). Suppose -5*z + m = -0*z. Is z a composite number?
False
Suppose 6 = 5*f - 24. Let a(y) = y**3 - 2*y**2 - 10*y + 7. Is a(f) composite?
True
Suppose 0 = p + 3, -4*p - 176 = 3*b + 139. Let k = 44 - b. Is k a prime number?
False
Let z(o) be the first derivative of 3*o**2/2 - 18*o - 5. Is z(13) a prime number?
False
Let y(r) = 5*r**2 - 9*r + 13. Is y(6) prime?
True
Let k(a) = 2*a**2 - 2*a + 3. Let p be k(2). Let d = 4 - p. Let y = 16 - d. Is y composite?
False
Let y(j) = j + 35. Let d be y(0). Let o = 66 - d. Is o prime?
True
Let h = -117 + 446. Is h a prime number?
False
Let j = -287 + 436. Is j prime?
True
Suppose 2*m = 3*p - 1437, -3*m = 8*p - 10*p + 958. Is p a composite number?
False
Let d = 1 - -1. Let r = d + -2. Suppose -5*q - 2*x = -99, -4*q - 3*x + 75 + 7 = r. Is q a prime number?
True
Let k(a) = -a**2 - 12*a - 14. Let q be k(-7). Let s = 0 + q. Is s a composite number?
True
Let c(f) = -24*f - 2. Suppose g = 2 - 9. Is c(g) composite?
True
Let v = -9 + 18. Is v*7 - (4 - 8) a prime number?
True
Suppose -q - 4*q + 1295 = 0. Is q a prime number?
False
Suppose 2*v - 5*m - 111 = 0, 5*v - 2*m = -154 + 484. Let w(i) = i - 34. Let x be w(0). Let s = x + v. Is s composite?
True
Suppose -2*k + k + 2*q + 52 = 0, 0 = 5*k + 5*q - 215. Let d = 79 - k. Is d a composite number?
True
Let l = -2 - -8. Suppose -2*y = -5*f - 14, -l = 3*f - 0. Is 37/(y/4*2) a composite number?
False
Let l = 3 - -1. Suppose -l*u + 56 = 16. Is u composite?
True
Let j(a) be the second derivative of 7*a**5/20 - a**4/4 + a**3/6 + a**2/2 + a. Suppose -2*z + 2 = -2*n, -3*n + 2*z = -7*n + 14. Is j(n) a prime number?
True
Suppose 0 = -0*d + d + 2. Is (-536)/12*3/d composite?
False
Suppose 0 = 8*b - 175 - 73. Is b a prime number?
True
Suppose 5*w - 4645 = -3*p, -p + 1717 - 5433 = -4*w. Is w prime?
True
Let h = -7 - -13. Is h/(-21) + 3630/14 a prime number?
False
Let o = 1 - -1. Suppose 0 = -r - o*r - 15, -r + 214 = 3*u. Let v = -39 + u. Is v a prime number?
False
Suppose 3*x + 1440 = -270. Is 4/(-16) - x/8 composite?
False
Let t be ((-12)/9)/((-4)/(-12)). Let b(s) = -s**3 + 2*s**2 - 5*s - 3. Is b(t) composite?
False
Suppose 3*a - 8 + 20 = 0. Let g = -1 - a. Is g a prime number?
True
Suppose -3*w - 6 = -4*s, 0*s = 5*w - 2*s + 10. Let j(u) be the second derivative of -7*u**3 - u**2/2 - 4*u. Is j(w) a composite number?
False
Let x be (4/6)/(4/18). Suppose -4*c + c = -3*y - 48, -3*y = x*c - 42. Is c a composite number?
True
Let p(j) = 61*j + 4. Is p(5) prime?
False
Let j be (107/(-2))/((-1)/2). Let k = -40 + j. Suppose -a + k = -0*a. Is a a composite number?
False
Let w(x) = 83*x + 4. Let g(i) = -55*i - 3. Let h(f) = 8*g(f) + 5*w(f). Let j = -5 + 0. Is h(j) a prime number?
False
Let l(k) = -2*k**2 - k**3 + 0*k**2 - 1 + 3*k**2. Let a(w) = -w**3 + w**2 - 4*w - 5. Let p(i) = -a(i) + 2*l(i). Is p(-2) composite?
False
Is (-1)/(-5) + 12384/30 composite?
True
Let k = -49 - -74. Let u = k - -66. Is u prime?
False
Suppose -4*d - 15 = -5*n, -4*n + 0*d + 3*d = -12. Is 83 - (1 + 2) - n prime?
False
Let m = 6 - -17. Is m prime?
True
Let t(b) = -b - 1. Let o(j) = -j**3 + 7*j**2 - j. Let l(q) = o(q) - t(q). Suppose 3*z - 13 = w, 33 = 3*z - 0*z + 3*w. Is l(z) a prime number?
True
Suppose 4*j + z = 22, -5*j - z + 0*z = -27. Suppose j*f - 623 = -3*r, 5*f - 872 = -r - 241. Is f composite?
False
Let m = 124 + -41. Let l = m + -45. Suppose -l = -b - 3*d, 1 = 2*d - d. Is b a prime number?
False
Suppose -4*b + 0*b = -2180. Suppose -b = -3*o - 4*g, 708 = 3*o + 3*g + 165. Is o composite?
False
Let l = 16 + -10. Let g be (l - 4) + -1 + -27. Let x = g + 47. Is x a prime number?
False
Let k(z) = 126*z**2 + 12*z - 5. Is k(5) a prime number?
False
Is 538 - (2 + (-4 - -3)) a prime number?
False
Suppose -876 = -2*h + 4*f, -3*h + 4*f = h - 1764. Suppose 5*r - 155 = -n + 91, 2*n = 2*r + h. Is n prime?
False
Let x(p) = 24*p - 3. Let h be x(2). Suppose 4*w - h = 31. Is w a prime number?
True
Suppose 0 = -h, -3*h - 8 = 2*a - h. Let b be a/(-20) - 61/5. Is ((-28)/b)/((-2)/(-6)) a composite number?
False
Suppose 5*d - 141 = -n, -n = 2*d - 4*d - 106. Let x = 205 - n. Is x composite?
False
Suppose 5*c - 673 = 3*u - 2703, -2*c + 2065 = 3*u. Is u prime?
False
Let k(j) = -j**3 + 8*j**2 + 9*j. Let q be k(9). Suppose 3*y - 15 = -c + 10, q = 2*c - y - 78. Is c a composite number?
False
Let a be (-12)/(-18) - 2/3. Suppose 4*t + 0 - 12 = a. Suppose -2*b = -97 + t. Is b a prime number?
True
Suppose 0 = -0*y - 3*y + 213. Is y a composite number?
False
Let x = 99 - -56. Is x a prime number?
False
Let u = -483 - -754. Let o = u - 128. Is o a prime number?
False
Suppose g - 153 = -2*k, -5*k + 141 = g - 0*k. Suppose 1060 + g = 3*o. Is o prime?
False
Suppose 2*d - 538 = -0*d. Is d a prime number?
True
Suppose 124 + 533 = a. Let n = a + 158. Suppose 2*q + 201 - n = 0. Is q prime?
True
Let f = 14 + -12. Suppose -f*t + 2 = -68. Is t a prime number?
False
Let s(v) = 4 - 45*v + 6*v - 1 - 2. Is s(-2) a composite number?
False
Let d be 1932/22 + 2/11. Let i = -31 + d. Is i composite?
True
Suppose 5*m - 3*k + 3 = 6, 2*k + 2 = 2*m. Suppose m*y + 246 = y. Suppose y = 5*p - 169. Is p composite?
False
Let o(w) = 99*w - 3. Let h(k) = -50*k + 1. Let r(v) = -5*h(v) - 3*o(v). Is r(-9) a composite number?
True
Let o = 642 - 349. Is o composite?
False
Suppose 3 = -i + 2*s - 5, -5*i - s + 4 = 0. Suppose 0 = m - i*q - 3*q - 28, -110 = -5*m + 5*q. Is m a composite number?
False
Let i(u) = -164*u - 1. Let c(f) = 492*f + 4. Let s(a) = -2*c(a) - 7*i(a). Is s(1) composite?
False
Suppose h - 57 = 1084. Is h composite?
True
Suppose -3*r - 7 = -5*o, -5*r - o + 18 = -17. Let v be (-90)/(-24) - r/8. Suppose m - 31 = x + v, -5*m = x - 188. Is m prime?
True
Suppose 4*y + 10 = 6*y - 2*z, 3*y = -3*z + 3. Suppose 3*s = 2*t - 5*t + 225, 4*s = y*t + 314. Is s a composite number?
True
Suppose 2*r + 387 - 1661 = -4*g, 3*g = -3*r + 1917. Is r a composite number?
False